*a**2 - 78*a + 8. Determine v(5).
-7
Let v(t) = 2*t**2 - 6*t + 1. Give v(2).
-3
Let b(j) = -j**2 - 5*j + 30. Determine b(-9).
-6
Let o(v) = 8*v + 63. Calculate o(-9).
-9
Let v(h) = -h**3 + 11*h**2 + 45*h - 498. What is v(11)?
-3
Let n(q) = -q**3 + 11*q**2 - 7*q + 25. Determine n(11).
-52
Let l(g) = 2*g**3 + g**2 - 3*g + 1. Determine l(-2).
-5
Let d(s) = -s**2 - 5*s + 8. Give d(-5).
8
Let n(w) = w**3 - w + 1. Determine n(0).
1
Let y(f) = 3*f**3 - 3*f**2 - 2*f + 1. Determine y(-2).
-31
Let f(m) = m**3 - 37*m**2 - 39*m + 31. Give f(38).
-7
Let k(t) = 6*t + 14. Give k(-9).
-40
Let f(b) = 2*b**3 + 18*b**2 - 4*b - 41. Give f(-9).
-5
Let g(m) = 12*m - 79. What is g(7)?
5
Let d(t) = t**2 - 10*t + 3. Determine d(7).
-18
Let r(g) = -g**3 + g**2 - 2*g + 22. Give r(0).
22
Let o(k) = 14*k + 1. Give o(1).
15
Let w(x) = -x**3 + 11*x**2 - 8*x - 25. What is w(10)?
-5
Let o(x) = x + 3. Determine o(-9).
-6
Let j(f) = f**3 - 6*f**2 - 7*f - 14. Give j(7).
-14
Let d(a) = -6*a + 30. Determine d(3).
12
Let p(n) = -n**3 - 6*n**2 - 5*n + 9. Calculate p(-5).
9
Let o(f) = -11*f**3 + 24*f**2 - f - 4. Determine o(2).
2
Let y(u) = 6*u**2 + 9*u + 1. Determine y(-4).
61
Let h(d) = 3*d + 11. Determine h(22).
77
Let m(w) = 10*w - 50. What is m(5)?
0
Let b(o) = -3*o**2 - o - 1. What is b(-2)?
-11
Let l(x) = x**3 + 11*x**2 + 4. Give l(-11).
4
Let d(n) = 2*n**2 - 36*n + 9. What is d(18)?
9
Let o(b) = b**3 + 18*b**2 + 14*b - 71. Give o(-17).
-20
Let i(d) = -4*d + 118. Calculate i(32).
-10
Let w(c) = 2*c + 41. What is w(-10)?
21
Let q(z) = -40*z**2 - z + 1. Determine q(1).
-40
Let g(m) = -5*m - 47. What is g(0)?
-47
Let o(q) = q**2 + 3*q + 12. Calculate o(0).
12
Let y(x) = -x**3 - 21*x**2 - 21*x - 23. Give y(-20).
-3
Let r(k) = -k**3 + 10*k**2 - 11*k + 22. What is r(9)?
4
Let j(c) = -c - 9. Give j(2).
-11
Let y(c) = -8*c + 64. What is y(7)?
8
Let z(w) = -w**3 - 4*w**2 + 2*w - 3. What is z(-4)?
-11
Let c(w) = -w**2 + 23*w - 38. Calculate c(19).
38
Let x(g) = -11*g + 141. What is x(13)?
-2
Let g(i) = -i**3 - 45*i**2 - 43*i + 48. Give g(-44).
4
Let h(w) = 2*w**2 + 2*w - 40. Determine h(5).
20
Let p(y) = -y**3 - y**2 + 8*y + 9. Determine p(-5).
69
Let x(o) = -o**3 - 17*o**2 - 4*o + 8. Calculate x(-17).
76
Let b(i) = i**2 - 32*i + 9. Calculate b(0).
9
Let n(f) = -f**3 + f**2 + 23*f + 6. Determine n(5).
21
Let g(o) = -o**2 + 8*o - 9. Give g(6).
3
Let y(c) = -4*c - 2. Give y(-6).
22
Let v(b) = -b**2 - b + 18. Give v(-8).
-38
Let d(m) = m**2 + 18*m - 140. Calculate d(-24).
4
Let i(z) = 2*z**2 + 11*z + 1. Calculate i(-8).
41
Let l(m) = -m**3 - 19*m**2 + 13*m + 50. Give l(-20).
190
Let t(m) = -16*m**2 + 2*m - 1. Determine t(1).
-15
Let c(k) = k**3 + k**2 - k - 20. Determine c(0).
-20
Let l(q) = q**3 + 13*q**2 - 3*q - 7. Determine l(-13).
32
Let r(m) = m**3 + 8*m**2 - 10*m + 11. Calculate r(-9).
20
Let p(b) = -b**2 - b + 6. Determine p(-3).
0
Let l(m) = -m**2 - 4*m - 24. Determine l(-6).
-36
Let z(x) = -x**3 + 10*x**2 - 7*x - 14. Give z(11).
-212
Let l(m) = -m**2 + 6*m - 9. What is l(4)?
-1
Let t(u) = -6*u + 24. What is t(5)?
-6
Let p(q) = 2*q**3 - 4*q**2 + 3*q - 1. What is p(3)?
26
Let t(p) = -p + 15. Calculate t(27).
-12
Let a(i) = -i**2 + 61*i - 325. Determine a(6).
5
Let h(f) = f**2 + f + 2. Give h(2).
8
Let k(i) = 15*i**2 - 1. Calculate k(1).
14
Let v(f) = -f**3 - 12*f**2 + 10*f + 1. Give v(-13).
40
Let l(w) = -2*w - 14. Calculate l(-4).
-6
Let k(v) = 7*v + 10. Determine k(-1).
3
Let m(p) = 2*p - 19. Calculate m(6).
-7
Let k(j) = 3*j**3 - j - 1. Calculate k(-2).
-23
Let l(x) = 3*x**2 - 5*x - 3. Calculate l(4).
25
Let u(b) = -2*b + 8. Determine u(6).
-4
Let t(i) = -i**3 + 2*i**2 + 3*i + 1. Calculate t(-2).
11
Let k(t) = -t**3 - 7*t**2 + 7*t - 3. Give k(-8).
5
Let f(z) = z**2 - 2*z - 1. Calculate f(3).
2
Let h(n) = n**3 - 7*n**2 + 7*n + 8. Calculate h(5).
-7
Let x(o) = 21*o - 14. Determine x(1).
7
Let p(j) = j**2 - 4*j + 7. Give p(3).
4
Let i(h) = -h**3 - 14*h**2 + 13*h - 28. What is i(-15)?
2
Let q(x) = -x**2 - 5*x - 8. Determine q(-6).
-14
Let v(j) = j**3 + 24*j**2 - j - 33. What is v(-24)?
-9
Let u(s) = -s**3 + 13*s**2 - 20*s - 26. Give u(11).
-4
Let m(d) = d**2 + 6*d - 8. Calculate m(3).
19
Let n(r) = -2*r**2 + 44*r - 49. Give n(21).
-7
Let g(y) = -y**3 + 5*y**2 - 4*y - 4. Give g(5).
-24
Let c(f) = 42*f - 2. Give c(-1).
-44
Let r(o) = -o**2 + 13*o - 60. Determine r(6).
-18
Let o(s) = s - 9. Determine o(2).
-7
Let v(b) = b**3 + 6*b**2 - 29*b - 14. Determine v(-9).
4
Let b(r) = 17*r - 85. What is b(5)?
0
Let g(l) = -8*l + 55. What is g(4)?
23
Let n(q) = -q**2 - 2*q. Determine n(-4).
-8
Let j(y) = -y**3 - 6*y**2 - 4*y + 9. Calculate j(-4).
-7
Let i(a) = a**3 + 12*a**2 + 13*a + 13. Calculate i(-11).
-9
Let p(v) = 17*v - 175. Calculate p(10).
-5
Let p(s) = -7*s - 199. Give p(-30).
11
Let i(w) = 15*w - 247. What is i(16)?
-7
Let s(f) = 9*f + 209. Give s(-23).
2
Let s(t) = 3*t**2 + 26*t - 105. Calculate s(3).
0
Let n(k) = 2*k - 30. Determine n(6).
-18
Let c(s) = -s**3 - 5*s**2 + 7*s - 2. Determine c(-6).
-8
Let l(g) = 3*g**2 - 25*g. Calculate l(9).
18
Let n(a) = -2*a**3 - 2*a**2 - 2*a - 2. Determine n(-3).
40
Let i(l) = 2*l**2 + 69*l + 30. What is i(-34)?
-4
Let x(i) = 9*i - 98. Give x(12).
10
Let h(l) = 16*l + 2. Determine h(2).
34
Let m(w) = -w**2 - 20*w - 102. Give m(-12).
-6
Let c(y) = -y**3 + 2*y**2 - 6*y + 4. Calculate c(2).
-8
Let j(o) = 5*o - 5. What is j(4)?
15
Let u(b) = 2*b**3 - 4*b**2 + b + 3. What is u(2)?
5
Let n(h) = h**2 + 6*h - 19. Give n(-8).
-3
Let x(w) = w**3 - 19*w**2 + 35*w - 14. Calculate x(17).
3
Let d(f) = -f**3 + 5*f**2 - 2*f + 4. Determine d(4).
12
Let g(r) = r**3 + 2*r**2 - 4*r - 4. Determine g(-3).
-1
Let d(l) = l**2 + 58*l + 254. What is d(-5)?
-11
Let u(d) = -d**2 + 2*d - 5. Calculate u(5).
-20
Let r(k) = -k**2 - 9*k + 3. What is r(-7)?
17
Let r(x) = x**2 + 4*x + 3. Calculate r(-6).
15
Let z(g) = -g**3 + g**2 - g - 2. Calculate z(-2).
12
Let b(m) = m**3 - 14*m**2 + 17*m + 29. Calculate b(13).
81
Let v(n) = 21*n + 223. Give v(-11).
-8
Let n(s) = s. Give n(7).
7
Let u(w) = w**3 - 2*w**2 - 22*w - 3. What is u(6)?
9
Let j(n) = 61*n - 1156. Calculate j(19).
3
Let l(v) = 3*v**3 + 25*v - 24. Calculate l(1).
4
Let z(i) = i. Calculate z(6).
6
Let y(c) = 4*c**3 + 4*c**2 + 2*c - 1. Give y(-2).
-21
Let b(j) = -16*j + 8. Determine b(-5).
88
Let y(v) = -v - 11. What is y(-4)?
-7
Let y(u) = u**2 - 30*u - 46. Calculate y(32).
18
Let q(c) = -2*c + 16. Determine q(4).
8
Let g(j) = 3*j + 32. Determine g(0).
32
Let v(f) = f**2 + 11*f - 20. Calculate v(-10).
-30
Let o(x) = -x**3 - 9*x**2 + 2*x - 3. Determine o(-9).
-21
Let h(g) = g + 36. Calculate h(-23).
13
Let m(i) = i**2 - 16*i + 58. Determine m(10).
-2
Let m(v) = 41*v - 13. What is m(1)?
28
Let d(q) = q**2 - 17*q + 7. Determine d(14).
-35
Let p(z) = -16*z - 27. What is p(-2)?
5
Let g(z) = -z**3 - 11*z**2 + 7*z - 13. Calculate g(-12).
47
Let k(f) = 6*f**3 - 4*f**2 - 4*f - 2. Determine k(-1).
-8
Let i(g) = -11*g + 86. Give i(8).
-2
Let l(a) = -48*a - 8. Determine l(0).
-8
Let q(b) = 4*b + 8. What is q(-4)?
-8
Let d(g) = -g**2 - 12*g - 52. What is d(-9)?
-25
Let w(j) = -j**3 - 36*j**2 + 76*j - 6. Determine w(-38).
-6
Let t(h) = -2*h**2 - 35*h - 4. What is t(-17)?
13
Let f(w) = -w**2 + 25*w - 81. Give f(22).
-15
Let q(h) = -h**2 - 5*h - 2. Calculate q(-6).
-8
Let k(l) = -l**3 + 21*l**2 - 37*l - 25. Calculate k(19).
-6
Let h(n) = 3*n - 7. What is h(10)?
23
Let b(j) = -11*j**2 + 3*j - 2. Calculate b(2).
-40
Let s(y) = -6*y - 170. Determine s(-28).
-2
Let x(o) = o**2 + 4*o - 16. Calculate x(-8).
16
Let x(u) = u**3 + 4*u**2 - 4*u + 13. What is x(-6)?
-35
Let d(v) = v**3 - 12*v**2 + 22*v - 24. Determine d(10).
-4
Let s(f) = -f**2 + 2*f - 4. Give s(4).
-12
Let l(y) = 7*y - 85. Calculate l(12).
-1
Let f(j) = -2*j + 125. What is f(34)?
57
Let x(o) = -o - 5. Calculate x(-10).
5
Let i(t) = -t**2 + 29*t + 31. Calculate i(25).
131
Let k(q) = q**3 - 16*q**2 + 3*q - 40. Determine k(16).
8
Let p(y) = y**3 + 13*y**2 + 12*y + 3. Calculate p(-12).
3
Let c(s) = s**3 - 6*s**2 + 14*s - 82. Give c(6).
2
Let m(o) = o - 2. Calculate m(-9).
-11
Let c(w) = w**2 + 25*w + 42. Give c(-23).
-4
Let w(z) = z**3 + 23*z**2 + 26*z - 43. Calculate w(-22).
-131
Let z(x) = -15*x + 11. Determine z(-1).
26
Let g(f) = f**2 - 14*f - 46. Calculate g(19).
49
Let i(r) = 5*